{"id":384,"date":"2009-09-01T17:29:30","date_gmt":"2009-09-01T23:29:30","guid":{"rendered":"http:\/\/www.radix.com.mx\/?page_id=384"},"modified":"2021-08-30T17:31:10","modified_gmt":"2021-08-30T23:31:10","slug":"descargas-multiplay","status":"publish","type":"page","link":"http:\/\/www.radix.com.mx\/?page_id=384","title":{"rendered":"Descargas Multiplay"},"content":{"rendered":"<hr \/>\n<p><strong>Historial de cambios<\/strong><\/p>\n<p><strong>4.6.0<\/strong>\u00a0(18\/04\/2013)\u00a0<a href=\"https:\/\/www.radix.com.mx\/archivos\/multiplay\/MultiPlay_4_6_0.exe\">Descargar<\/a><\/p>\n<ul>\n<li>Permite configurar una carpeta que se monitorea para a\u00f1adir audios autom\u00e1ticamente.<\/li>\n<li>Puede generar un archivo XML con la informaci\u00f3n del audio que est\u00e1 en reproducci\u00f3n actualmente.<\/li>\n<\/ul>\n<p><strong>4.5.0<\/strong> (1\/09\/2009<\/p>\n<ul>\n<li>A\u00f1ade codificaci\u00f3n directa a servidores ShoutCast y IceCast.<\/li>\n<\/ul>\n","protected":false},"excerpt":{"rendered":"<p>Historial de cambios 4.6.0\u00a0(18\/04\/2013)\u00a0Descargar Permite configurar una carpeta que se monitorea para a\u00f1adir audios autom\u00e1ticamente. Puede generar un archivo XML con la informaci\u00f3n del audio que est\u00e1 en reproducci\u00f3n actualmente. 4.5.0 (1\/09\/2009 A\u00f1ade codificaci\u00f3n directa a servidores ShoutCast y IceCast.<\/p>\n","protected":false},"author":2,"featured_media":0,"parent":89,"menu_order":0,"comment_status":"closed","ping_status":"closed","template":"","meta":{"footnotes":""},"class_list":["post-384","page","type-page","status-publish","hentry"],"_links":{"self":[{"href":"http:\/\/www.radix.com.mx\/index.php?rest_route=\/wp\/v2\/pages\/384","targetHints":{"allow":["GET"]}}],"collection":[{"href":"http:\/\/www.radix.com.mx\/index.php?rest_route=\/wp\/v2\/pages"}],"about":[{"href":"http:\/\/www.radix.com.mx\/index.php?rest_route=\/wp\/v2\/types\/page"}],"author":[{"embeddable":true,"href":"http:\/\/www.radix.com.mx\/index.php?rest_route=\/wp\/v2\/users\/2"}],"replies":[{"embeddable":true,"href":"http:\/\/www.radix.com.mx\/index.php?rest_route=%2Fwp%2Fv2%2Fcomments&post=384"}],"version-history":[{"count":10,"href":"http:\/\/www.radix.com.mx\/index.php?rest_route=\/wp\/v2\/pages\/384\/revisions"}],"predecessor-version":[{"id":2056,"href":"http:\/\/www.radix.com.mx\/index.php?rest_route=\/wp\/v2\/pages\/384\/revisions\/2056"}],"up":[{"embeddable":true,"href":"http:\/\/www.radix.com.mx\/index.php?rest_route=\/wp\/v2\/pages\/89"}],"wp:attachment":[{"href":"http:\/\/www.radix.com.mx\/index.php?rest_route=%2Fwp%2Fv2%2Fmedia&parent=384"}],"curies":[{"name":"wp","href":"https:\/\/api.w.org\/{rel}","templated":true}]}}