{"id":649,"date":"2011-07-29T18:22:10","date_gmt":"2011-07-30T00:22:10","guid":{"rendered":"http:\/\/www.radix.com.mx\/?page_id=649"},"modified":"2022-02-16T10:59:16","modified_gmt":"2022-02-16T16:59:16","slug":"spotman-4","status":"publish","type":"page","link":"https:\/\/www.radix.com.mx\/?page_id=649","title":{"rendered":"Spot Manager"},"content":{"rendered":"<p style=\"text-align: right;\"><a title=\"Descargas Spot Manager 4\" href=\"https:\/\/www.radix.com.mx\/?page_id=708\">Descargas, Actualizaciones, Manual<\/a><\/p>\n<p><strong>Continuidad comercial, facturaci\u00f3n y cobranza.<\/strong><\/p>\n<hr \/>\n<p><strong>Especificaciones<\/strong><\/p>\n<ul>\n<li>Facturaci\u00f3n Electr\u00f3nica CFDI 4.0 integrada.<\/li>\n<li><span style=\"line-height: 1.5em;\">Manejo integral de todas sus necesidades administrativas.<\/span><\/li>\n<li>Control de Clientes, Vendedores, Facturaci\u00f3n y Cobranza.<\/li>\n<li>Amplia gama de reportes para el\u00a0an\u00e1lisis\u00a0de los datos.<\/li>\n<li>Generaci\u00f3n de\u00a0gu\u00edas\u00a0de continuidad para sistemas de automatizaci\u00f3n.<\/li>\n<li>Importaci\u00f3n directa de pautas del INE.<\/li>\n<li>Importaci\u00f3n directa de pautas de RTC.<\/li>\n<\/ul>\n<div>\n<hr \/>\n<p><strong>Pautas del INE y RTC<\/strong><\/p>\n<ul>\n<li>Las pautas se importan directamente \u00a0del archivo de Excel que proporcionan el INE y RTC.<\/li>\n<\/ul>\n<\/div>\n<div><\/div>\n<div><a href=\"https:\/\/www.radix.com.mx\/?attachment_id=856\" rel=\"attachment wp-att-856\"><img loading=\"lazy\" decoding=\"async\" class=\"alignnone wp-image-856\" title=\"Importa archivo IFE\" src=\"https:\/\/www.radix.com.mx\/wp-content\/uploads\/2011\/07\/importa_ife.png\" alt=\"\" width=\"611\" height=\"431\" srcset=\"https:\/\/www.radix.com.mx\/wp-content\/uploads\/2011\/07\/importa_ife.png 793w, https:\/\/www.radix.com.mx\/wp-content\/uploads\/2011\/07\/importa_ife-300x211.png 300w\" sizes=\"auto, (max-width: 611px) 100vw, 611px\" \/><\/a><\/div>\n<div>\n<hr \/>\n<p><strong>Grupos de servicios<\/strong><\/p>\n<ul>\n<li>El sistema permite definir diferentes grupos de servicios, mediante los cuales se definen las\u00a0caracter\u00edsticas\u00a0comunes de servicios similares, por ejemplo el grupo &#8220;Locutor en cabina&#8221; agrupa los servicios que requieren que el locutor est\u00e9 presente, como son, controles remotos y menciones en vivo.<\/li>\n<li>Los grupos de servicios se asignan a los diferentes cortes comerciales de cada estaci\u00f3n para definir en que horarios son permitidos, de esta manera si se quiere pautar una &#8220;menci\u00f3n en vivo&#8221; solo podr\u00e1 ser pautada en horarios que permitan el grupo &#8220;Locutor en cabina&#8221;.<\/li>\n<\/ul>\n<\/div>\n<div><a href=\"https:\/\/www.radix.com.mx\/?attachment_id=722\" rel=\"attachment wp-att-722\"><img loading=\"lazy\" decoding=\"async\" class=\"alignnone size-full wp-image-722\" title=\"Grupos de servicios\" src=\"https:\/\/www.radix.com.mx\/wp-content\/uploads\/2011\/07\/sm4_gruposservicios.png\" alt=\"\" width=\"478\" height=\"273\" srcset=\"https:\/\/www.radix.com.mx\/wp-content\/uploads\/2011\/07\/sm4_gruposservicios.png 478w, https:\/\/www.radix.com.mx\/wp-content\/uploads\/2011\/07\/sm4_gruposservicios-300x171.png 300w\" sizes=\"auto, (max-width: 478px) 100vw, 478px\" \/><\/a><\/div>\n<hr \/>\n<p><strong>Definici\u00f3n de cortes en una estaci\u00f3n<\/strong><\/p>\n<ul>\n<li>Una de las\u00a0caracter\u00edsticas\u00a0que diferencian al Spot Manager 5 de sus competidores es que permite definir que grupos de servicios se pueden pautar en cada corte de la estaci\u00f3n.<\/li>\n<li>El tener definidos los horarios en los que se puede pautar cada tipo de servicio nos permite automatizar la elecci\u00f3n de horarios al momento de pautar.<\/li>\n<\/ul>\n<div><a href=\"https:\/\/www.radix.com.mx\/?attachment_id=721\" rel=\"attachment wp-att-721\"><img loading=\"lazy\" decoding=\"async\" class=\"alignnone size-full wp-image-721\" title=\"Cortes\" src=\"https:\/\/www.radix.com.mx\/wp-content\/uploads\/2011\/07\/sm4_cortes.png\" alt=\"\" width=\"604\" height=\"451\" srcset=\"https:\/\/www.radix.com.mx\/wp-content\/uploads\/2011\/07\/sm4_cortes.png 604w, https:\/\/www.radix.com.mx\/wp-content\/uploads\/2011\/07\/sm4_cortes-300x224.png 300w\" sizes=\"auto, (max-width: 604px) 100vw, 604px\" \/><\/a><\/div>\n<hr \/>\n<p><strong>Clientes<\/strong><\/p>\n<ul>\n<li>Manejo integral de su cartera de clientes.<\/li>\n<li>M\u00faltiples\u00a0razones sociales por cliente.<\/li>\n<li>M\u00faltiples contactos por cliente.<\/li>\n<li>Vendedores asignados al cliente.<\/li>\n<li>Manejo de precios especiales por estaci\u00f3n, servicio y periodo.<\/li>\n<\/ul>\n<p><a href=\"https:\/\/www.radix.com.mx\/?attachment_id=713\" rel=\"attachment wp-att-713\"><img loading=\"lazy\" decoding=\"async\" class=\"alignnone size-full wp-image-713\" title=\"Clientes\" src=\"https:\/\/www.radix.com.mx\/wp-content\/uploads\/2011\/07\/sm4_clientes.png\" alt=\"\" width=\"720\" height=\"419\" srcset=\"https:\/\/www.radix.com.mx\/wp-content\/uploads\/2011\/07\/sm4_clientes.png 800w, https:\/\/www.radix.com.mx\/wp-content\/uploads\/2011\/07\/sm4_clientes-300x174.png 300w\" sizes=\"auto, (max-width: 720px) 100vw, 720px\" \/><\/a><\/p>\n<hr \/>\n<p><strong>Cotizaciones y c<\/strong><strong>ontratos<\/strong><\/p>\n<ul>\n<li>Manejo de distintos tipos de contratos (Normal, Convenio,\u00a0Cortes\u00eda, Servicio social, Intercambio)<\/li>\n<li>Se asignan los servicios que incluye el contrato, con sus precios y las estaciones en que se van a transmitir.<\/li>\n<li>En el caso de los convenios se asigna la cantidad convenida y los precios unitarios, el sistema permite pautar mientras el contrato tenga saldo a favor.<\/li>\n<li>Desde que se hace el contrato se definen sus facturas, con las fechas, conceptos y cantidades que solicit\u00f3 el cliente.<\/li>\n<li>Se pueden a\u00f1adir todas las pautas que sean necesarias, y los cortes seleccionados en estas son los definitivos.<\/li>\n<\/ul>\n<p><a href=\"https:\/\/www.radix.com.mx\/?attachment_id=714\" rel=\"attachment wp-att-714\"><img loading=\"lazy\" decoding=\"async\" class=\"alignnone size-full wp-image-714\" title=\"Contratos\" src=\"https:\/\/www.radix.com.mx\/wp-content\/uploads\/2011\/07\/sm4_contratos.png\" alt=\"\" width=\"743\" height=\"487\" srcset=\"https:\/\/www.radix.com.mx\/wp-content\/uploads\/2011\/07\/sm4_contratos.png 825w, https:\/\/www.radix.com.mx\/wp-content\/uploads\/2011\/07\/sm4_contratos-300x196.png 300w\" sizes=\"auto, (max-width: 743px) 100vw, 743px\" \/><\/a><\/p>\n<ul>\n<li>Los contratos se pueden truncar para dejar de transmitir la publicidad inmediatamente.<\/li>\n<li>En cualquier momento se puede pedir un informe de los horarios y las pautas de un contrato, y los horarios se pueden mandar con correo electr\u00f3nico directamente al cliente.<\/li>\n<\/ul>\n<p><a href=\"https:\/\/www.radix.com.mx\/?attachment_id=715\" rel=\"attachment wp-att-715\"><img loading=\"lazy\" decoding=\"async\" class=\"alignnone size-full wp-image-715\" title=\"Contratos\" src=\"https:\/\/www.radix.com.mx\/wp-content\/uploads\/2011\/07\/sm4_contratos2.png\" alt=\"\" width=\"689\" height=\"54\" srcset=\"https:\/\/www.radix.com.mx\/wp-content\/uploads\/2011\/07\/sm4_contratos2.png 851w, https:\/\/www.radix.com.mx\/wp-content\/uploads\/2011\/07\/sm4_contratos2-300x23.png 300w\" sizes=\"auto, (max-width: 689px) 100vw, 689px\" \/><\/a><\/p>\n<hr \/>\n<p><strong>Continuidad<\/strong><\/p>\n<ul>\n<li>Permite imprimir las gu\u00edas de continuidad.<\/li>\n<li>Genera archivos de automatizaci\u00f3n para sistemas de transmisi\u00f3n.<\/li>\n<li>Permite verificar la transmisi\u00f3n (requiere \u00a0<a title=\"Station v12\" href=\"http:\/\/https:\/\/www.radix.com.mx\/?page_id=20\">Station v12<\/a> o m\u00e1s reciente).<\/li>\n<\/ul>\n<hr \/>\n<p><strong>Sistema de verificaci\u00f3n de la transmisi\u00f3n<\/strong><\/p>\n<ul>\n<li>El Spot Manager se puede conectar a las cabinas de transmisi\u00f3n que cuenten con el <a title=\"Station v12\" href=\"http:\/\/https:\/\/www.radix.com.mx\/?page_id=20\">Station v12<\/a> o m\u00e1s reciente para generar reportes de la transmisi\u00f3n de los comerciales.<\/li>\n<\/ul>\n<p><a href=\"https:\/\/www.radix.com.mx\/?attachment_id=716\" rel=\"attachment wp-att-716\"><img loading=\"lazy\" decoding=\"async\" title=\"Verificaci\u00f3n\" src=\"https:\/\/www.radix.com.mx\/wp-content\/uploads\/2011\/07\/sm4_verifica.png\" alt=\"\" width=\"757\" height=\"130\" \/><\/a><\/p>\n<hr \/>\n<p><strong>Facturaci\u00f3n<\/strong><\/p>\n<ul>\n<li>Manejo integrado de facturaci\u00f3n CFDI.<\/li>\n<li>Muestra la lista de facturas por imprimir y permite agrupar facturas de un cliente en una sola factura.<\/li>\n<li>Muestra una lista con los contratos que no tienen sus facturas definidas.<\/li>\n<li>Permite mostrar una factura antes de imprimirla.<\/li>\n<li>Permite editar una factura antes de imprimirla.<\/li>\n<li>Manejo de cierres de facturaci\u00f3n.<\/li>\n<\/ul>\n<hr \/>\n<p><strong>Cobranza<\/strong><\/p>\n<ul>\n<li>Muestra el listado de las facturas por cobrar.<\/li>\n<li>Permite a\u00f1adir pagos, registrando a cuenta entraron, el tipo de pago y las facturas a las que se abona el pago.<\/li>\n<li>Permite dar de alta en el sistema las notas de cr\u00e9dito.<\/li>\n<li>Manejo de cierres de cobranza.<\/li>\n<\/ul>\n<hr \/>\n<p><strong>Reportes<\/strong><\/p>\n<ul>\n<li>El sistema cuenta con una gran variedad de reportes para que usted pueda analizar los datos de manera f\u00e1cil y r\u00e1pida.<\/li>\n<li>Comisiones.<\/li>\n<li>Pagos y facturas por empresa.<\/li>\n<li>Estado de cuenta y\u00a0antig\u00fcedad\u00a0de saldos de los clientes.<\/li>\n<li>Ventas por estaci\u00f3n o por vendedor, facturas por vendedor.<\/li>\n<li>Tarifas m\u00ednimas.<\/li>\n<li>Recuperaci\u00f3n de cartera.<\/li>\n<li>Facturas y contra recibos.<\/li>\n<li>Cobranza por estaci\u00f3n.<\/li>\n<li>Exportaci\u00f3n de datos a COI.<\/li>\n<\/ul>\n<hr \/>\n<p><strong>Requisitos para instalar el sistema<\/strong><\/p>\n<ul>\n<li>Computadora con procesador Intel i3, i5, i7 o Ryzen 3, 5, 7.<\/li>\n<li>8 GB memoria RAM.<\/li>\n<li>60 MB de espacio libre en el disco duro.<\/li>\n<li>Windows 10<\/li>\n<\/ul>\n","protected":false},"excerpt":{"rendered":"<p>Descargas, Actualizaciones, Manual Continuidad comercial, facturaci\u00f3n y cobranza. Especificaciones Facturaci\u00f3n Electr\u00f3nica CFDI 4.0 integrada. Manejo integral de todas sus necesidades administrativas. Control de Clientes, Vendedores, Facturaci\u00f3n y Cobranza. Amplia gama de reportes para el\u00a0an\u00e1lisis\u00a0de los datos. Generaci\u00f3n de\u00a0gu\u00edas\u00a0de continuidad para sistemas de automatizaci\u00f3n. Importaci\u00f3n directa de pautas del INE. Importaci\u00f3n directa de pautas de RTC.\u2026 <span class=\"read-more\"><a href=\"https:\/\/www.radix.com.mx\/?page_id=649\">Read More &raquo;<\/a><\/span><\/p>\n","protected":false},"author":2,"featured_media":0,"parent":3,"menu_order":0,"comment_status":"closed","ping_status":"closed","template":"","meta":{"footnotes":""},"class_list":["post-649","page","type-page","status-publish","hentry"],"_links":{"self":[{"href":"https:\/\/www.radix.com.mx\/index.php?rest_route=\/wp\/v2\/pages\/649","targetHints":{"allow":["GET"]}}],"collection":[{"href":"https:\/\/www.radix.com.mx\/index.php?rest_route=\/wp\/v2\/pages"}],"about":[{"href":"https:\/\/www.radix.com.mx\/index.php?rest_route=\/wp\/v2\/types\/page"}],"author":[{"embeddable":true,"href":"https:\/\/www.radix.com.mx\/index.php?rest_route=\/wp\/v2\/users\/2"}],"replies":[{"embeddable":true,"href":"https:\/\/www.radix.com.mx\/index.php?rest_route=%2Fwp%2Fv2%2Fcomments&post=649"}],"version-history":[{"count":35,"href":"https:\/\/www.radix.com.mx\/index.php?rest_route=\/wp\/v2\/pages\/649\/revisions"}],"predecessor-version":[{"id":2205,"href":"https:\/\/www.radix.com.mx\/index.php?rest_route=\/wp\/v2\/pages\/649\/revisions\/2205"}],"up":[{"embeddable":true,"href":"https:\/\/www.radix.com.mx\/index.php?rest_route=\/wp\/v2\/pages\/3"}],"wp:attachment":[{"href":"https:\/\/www.radix.com.mx\/index.php?rest_route=%2Fwp%2Fv2%2Fmedia&parent=649"}],"curies":[{"name":"wp","href":"https:\/\/api.w.org\/{rel}","templated":true}]}}